e the prime factors of a?
3, 547
Let i(w) = 11*w**2 + 2*w - 4. Let d = 2 - 5. Let r be i(d). Let a = -63 + r. What are the prime factors of a?
2, 13
Let a = 3624 + -2362. List the prime factors of a.
2, 631
Let y(s) = -22 - s - 7*s**2 - 12*s**2 - 7*s**2 + 27*s**2. What are the prime factors of y(8)?
2, 17
Let n be ((220/(-2))/1)/(-2). Suppose -3*p + n = 2*p. Suppose r - p = -4. What are the prime factors of r?
7
Let h = -30 + 32. Let t = 4 - h. What are the prime factors of t/4*8 - -32?
2, 3
What are the prime factors of (3 + 806)*(1 + (4 - 2))?
3, 809
Suppose 29 = h + 4*t + 6, 4*t = -4*h + 32. Suppose k + 75 = 3*k + x, h*k - 114 = -x. Let n = k + -26. What are the prime factors of n?
13
Suppose 3*s = -4*q + 22, -5 = 2*s + q - 13. Suppose 4*y - 872 = 4*x, -4*y - 2*x - s*x + 912 = 0. List the prime factors of y.
223
Let n = 882 + 140. List the prime factors of n.
2, 7, 73
Let j be (-12)/(-15)*(-10)/(-2). Suppose -4*u - 6 = -2*d, 0 = -u + d - j - 0. Let r(p) = 8*p - 1. List the prime factors of r(u).
7
Let a = -3156 - -5115. What are the prime factors of a?
3, 653
Suppose -4*p + 20 = -0*p. Let r(u) = -8*u + 7 - 7*u + 16*u - p. List the prime factors of r(8).
2, 5
Let y = -1793 - -5769. What are the prime factors of y?
2, 7, 71
Suppose 2*o - 2*h + 62 = 0, -2*o + 1 - 69 = -4*h. What are the prime factors of 8/o - (-422)/7?
2, 3, 5
List the prime factors of (-35)/350 - 1382/(-20).
3, 23
Suppose 0*l - 4*l = -2*t - 40, -44 = -4*l + 4*t. Let i(h) = 2*h**2 - 14*h + 12. Let y be i(l). What are the prime factors of (-40)/6*y/(-20)?
2
Let a(w) = -37*w - 124. List the prime factors of a(-8).
2, 43
Let f(i) = -30*i - 308. List the prime factors of f(-43).
2, 491
Let l be 29/((-1)/(6 - 1)). Let t = l - -253. List the prime factors of t.
2, 3
Suppose 4*y + 0*y + c + 9 = 0, -5*c - 25 = 0. Suppose -3*k = -28 - 8. List the prime factors of -9*(4/k + y).
2, 3
Let j = -5230 + 8745. List the prime factors of j.
5, 19, 37
Let y(i) = -i**2 - 9*i + 2. Let p be y(-10). Let d = p + 11. Suppose -v - 102 = -d*k + 2*v, -5*v - 5 = 0. What are the prime factors of k?
3, 11
Let q = 5 + 0. Suppose 5*i + 0 = 4*d + 31, -4*i + 32 = -q*d. List the prime factors of 24/(-16)*(-82)/i.
41
Let i be (-1)/7 - (-186)/(-21). Let o be (3/i)/(2/12). Let y = 6 + o. What are the prime factors of y?
2
Let a(c) = 6*c - c**2 + 0*c - c - 9 - c**3 - c. What are the prime factors of a(-5)?
71
Let s be (1 - 0)/((-1)/(-11)). Let h(k) be the first derivative of k**3/3 - 5*k**2 - 1. List the prime factors of h(s).
11
List the prime factors of 40/160 - ((-28389)/12 + -1).
3, 263
Let a(g) = g**2 + 10*g - 61. Suppose -7*u + 54 = -3*k - 5*u, -2*k + 3*u - 41 = 0. List the prime factors of a(k).
5, 7
Suppose 3*p - 342 = -96. What are the prime factors of p?
2, 41
Suppose 3*k + 256 = 8*k - y, -k + 64 = 3*y. Suppose k = -5*j + 3*d, 2*j + 48 = -2*j + 4*d. List the prime factors of (3/(-2))/(2/j).
2, 3
Suppose -17*m + 16*m = -4. Suppose m*h - 130 = 298. Suppose -2*d - 4*o = -26, 8*d - 3*o = 4*d + h. List the prime factors of d.
23
Let v(y) = -y**3 - 3*y**2 + 1. Let z be v(-2). Let x be z*80/36*6. Let w = x - -69. What are the prime factors of w?
29
Suppose -7*n - 16 = -3*n. Let x(d) be the second derivative of -d**3/6 - d**2 + d. What are the prime factors of x(n)?
2
List the prime factors of (4 - 5) + (473 - -8).
2, 3, 5
Let g(b) = -6*b - 22. Let r be g(-3). Let m(s) = 10*s**2 - 4*s + 4. What are the prime factors of m(r)?
2, 3, 5
Let f be -52 - 1/(4/12). Let m = -47 - -15. Let k = m - f. List the prime factors of k.
23
Let m = -10 - -12. Suppose -m*g = -o + 6, -4*o - 5*g - 2 = -0*o. List the prime factors of 14*1/o - 0.
7
Let g(u) = 69*u**2 - 3*u + 14. List the prime factors of g(3).
2, 313
Let y = -10 - -10. Suppose y = -0*t - 5*t + 65. What are the prime factors of t?
13
Suppose 2*n + 6 = -n. Let w(r) = 3 + r + 3*r - 2*r + 4*r**2. What are the prime factors of w(n)?
3, 5
Let h(k) = -3*k - 6. Suppose 0 = 2*j + 2*j. Let a = j + -7. List the prime factors of h(a).
3, 5
Let b = -65 - -108. Let x = -12 + b. What are the prime factors of (x + 0 + -1)/2?
3, 5
Let g = 36 - 35. Let h(x) be the second derivative of x**5/5 + x**3/6 - x**2/2 + 2*x. List the prime factors of h(g).
2
Suppose z = 2*m + 2*m + 182, 0 = 4*m - 4*z + 188. Let y = m + 102. What are the prime factors of y?
3, 19
Let x(o) = -o**2 + 12*o - 25. Let b be x(9). Suppose -p + b*s = -34, -s = p - 5*s - 36. List the prime factors of p.
2
What are the prime factors of (10/(-6))/((-10)/12174)?
2029
Let x(a) = -11*a**3 + 3*a**2 - 2. Let p be x(1). List the prime factors of ((-86)/(-6))/((p/15)/(-2)).
43
Let g(d) = -135*d**3 + 2*d**2 + 2*d + 1. Let h be g(-1). Suppose -h = -w + r, 0*w + 3*w + 3*r - 438 = 0. What are the prime factors of w?
3, 47
Suppose -3*y + 5*n + 697 = -0*n, -1175 = -5*y - 5*n. What are the prime factors of y?
2, 3, 13
Suppose 4*o - 14*o + 1840 = 0. Let l = o + -133. List the prime factors of l.
3, 17
What are the prime factors of ((-314)/(-3))/(6/9)?
157
Let q(v) = v**2 + v - 6. Let b be q(4). Suppose -r + 0*r = b. What are the prime factors of 85/3 - r/21?
29
Suppose 0 = b - 5*z - 304, b - 5*z - 309 = -z. What are the prime factors of b?
7, 47
What are the prime factors of (-1922)/(-5) - (-3)/((-150)/20)?
2, 3
Let j = 48 + 63. List the prime factors of j.
3, 37
Let y = -443 + 908. List the prime factors of y.
3, 5, 31
Suppose 3*l - 5*n + 11 = 0, 5*l + n = 2*n - 11. Let w be l + (10 - (-1 + 2)). Suppose w + 157 = 4*a. What are the prime factors of a?
41
Suppose -3*i - 15 = -4*i. Let f be 3*20/i - 63. Let a = 121 + f. What are the prime factors of a?
2, 31
List the prime factors of 34/8*(24 - 8)/4.
17
Suppose 12 = -4*s - 16. Let p = 18 - s. Suppose 0 = 5*o - 2*o - m - p, 5*o + 2*m - 49 = 0. List the prime factors of o.
3
Suppose 5*b + 5*s - 21 = 4, -12 = -4*s. Suppose 0 = 4*h - 2*h + 3*f - 175, b*f + 358 = 4*h. What are the prime factors of h?
89
Suppose 20*c = 15*c + 15. Suppose 4*h - 72 = -c*o, 5*h - 106 + 16 = 3*o. List the prime factors of h.
2, 3
Let m be (-1 + 3 - 3) + 4. Let b be -3*m/(-6)*2. Suppose 5*o = x + 4*x - 20, o + 20 = b*x. List the prime factors of x.
2
Let h = -1794 + 1196. List the prime factors of h/(-22) + (-26)/143.
3
Suppose -4*u + 5362 + 13742 = -4*a, 0 = 3*u + 4*a - 14335. List the prime factors of u.
17, 281
Suppose 0 = 4*v - 5*g - 21, 3*g + 11 = -v - 5. Let n(b) = -123*b**3 + b + 1. What are the prime factors of n(v)?
3, 41
Let u(n) = n**3 - 8*n**2 + n - 2. Let m be u(8). Suppose -3*l - m = -45. What are the prime factors of l?
13
Let v(m) = 39*m + 7. Let j(q) = 39*q + 6. Let f(k) = -4*j(k) + 5*v(k). What are the prime factors of f(3)?
2
Let b be (11/(-22))/(1/80). List the prime factors of 214/((-90)/b - 2/8).
107
Let l(h) = h - 5 - 4*h + 30*h**2 + 11. List the prime factors of l(2).
2, 3, 5
Suppose 3*c - 9*c + 12 = 0. Suppose 18 = 2*y + 2*i, y - c*y = 3*i - 11. Suppose -5*w - y = -98. List the prime factors of w.
2, 3
Suppose 4*o - j = -5, -5*j = -o - 34 + 9. Suppose o = -4*k + 4, -5*a + k + 46 = -3*k. Suppose a = 4*t + t. What are the prime factors of t?
2
Suppose -3*m + m + 1044 = 0. Suppose 2*f = 5*j - m, -3*j - 2*f = -0*f - 326. What are the prime factors of j?
2, 53
Let d be (-6)/9*186/4. Let y = 37 + d. List the prime factors of y.
2, 3
Let q be 41/3 + 13/39. Let l be (-1130)/q + 4/(-14). Let f = l - -123. List the prime factors of f.
2, 3, 7
Let l = 965 + -633. List the prime factors of l.
2, 83
What are the prime factors of -2 + -1 + (-4)/(-4)*285?
2, 3, 47
Suppose 4*z + 2 = g - 60, -4*z = 3*g - 234. Let r = g - 40. What are the prime factors of r?
2, 17
Let i(r) = -95*r**3 + 8*r**2 + 28*r + 13. What are the prime factors of i(-3)?
2, 1283
Let t = -1712 + 2064. What are the prime factors of t?
2, 11
Let q(u) = 6*u**3 + 9*u**2 + 4*u. Let n(o) = 7*o**3 + 10*o**2 + 5*o - 1. Let p(b) = 5*n(b) - 6*q(b). What are the prime factors of p(-5)?
3, 5
Suppose -16*w + 10764 = -3*w. List the prime factors of w.
2, 3, 23
Let n(v) = -45*v + 9. Let t be n(-2). Suppose i - t = -4*h, 0 = -0*i + 4*i + h - 456. What are the prime factors of i?
5, 23
Let c(y) = 3*y**3 - 4*y**2 - y + 5. What are the prime factors of c(6)?
503
Let y = -5 - -18. Suppose -26 = 4*d + b, -d - y = -4*b + b. What are the prime factors of 70 + (